d by 78?
5
What is the remainder when 1920 is divided by 85?
50
What is the remainder when 338914 is divided by 10270?
4
Calculate the remainder when 19252 is divided by 837.
1
What is the remainder when 31887 is divided by 1286?
1023
What is the remainder when 29782 is divided by 818?
334
What is the remainder when 10119 is divided by 306?
21
What is the remainder when 99777 is divided by 20?
17
Calculate the remainder when 54796 is divided by 1166.
1160
Calculate the remainder when 304834 is divided by 682.
662
Calculate the remainder when 25839 is divided by 177.
174
Calculate the remainder when 542303 is divided by 635.
13
Calculate the remainder when 60105 is divided by 1113.
3
Calculate the remainder when 6970780 is divided by 124.
120
Calculate the remainder when 2157 is divided by 404.
137
Calculate the remainder when 1164 is divided by 113.
34
Calculate the remainder when 9950 is divided by 988.
70
Calculate the remainder when 3140 is divided by 1203.
734
Calculate the remainder when 4363 is divided by 337.
319
Calculate the remainder when 1018350 is divided by 113149.
9
What is the remainder when 1128858 is divided by 9?
6
What is the remainder when 20922 is divided by 1489?
76
Calculate the remainder when 32529 is divided by 756.
21
What is the remainder when 4936 is divided by 66?
52
Calculate the remainder when 40983 is divided by 99.
96
What is the remainder when 763598 is divided by 329?
318
Calculate the remainder when 1229 is divided by 51.
5
What is the remainder when 1112584 is divided by 722?
704
What is the remainder when 54996 is divided by 18315?
51
Calculate the remainder when 133326 is divided by 208.
206
Calculate the remainder when 4279 is divided by 1348.
235
What is the remainder when 185870 is divided by 704?
14
Calculate the remainder when 280 is divided by 178.
102
What is the remainder when 5782 is divided by 89?
86
Calculate the remainder when 1055 is divided by 164.
71
Calculate the remainder when 227952 is divided by 36.
0
Calculate the remainder when 6157309 is divided by 7.
4
What is the remainder when 98964 is divided by 8996?
8
What is the remainder when 1991 is divided by 169?
132
What is the remainder when 92398 is divided by 330?
328
What is the remainder when 699715 is divided by 233236?
7
Calculate the remainder when 1358331 is divided by 39.
0
Calculate the remainder when 30665 is divided by 335.
180
What is the remainder when 11184 is divided by 113?
110
What is the remainder when 4855 is divided by 671?
158
What is the remainder when 9348 is divided by 9341?
7
What is the remainder when 47878 is divided by 328?
318
What is the remainder when 6492 is divided by 78?
18
What is the remainder when 2528 is divided by 65?
58
Calculate the remainder when 11033 is divided by 737.
715
What is the remainder when 373670 is divided by 33?
11
Calculate the remainder when 11710 is divided by 3887.
49
What is the remainder when 101537 is divided by 1070?
957
What is the remainder when 154985 is divided by 77490?
5
What is the remainder when 3096014 is divided by 337?
332
What is the remainder when 2653 is divided by 234?
79
What is the remainder when 39512 is divided by 46?
44
What is the remainder when 28173 is divided by 542?
531
Calculate the remainder when 13858 is divided by 3461.
14
What is the remainder when 1901 is divided by 357?
116
What is the remainder when 73017 is divided by 22?
21
Calculate the remainder when 2721 is divided by 2720.
1
Calculate the remainder when 16553 is divided by 973.
12
What is the remainder when 43906 is divided by 400?
306
What is the remainder when 12493 is divided by 47?
38
What is the remainder when 14061 is divided by 97?
93
What is the remainder when 3426 is divided by 91?
59
Calculate the remainder when 184087 is divided by 16.
7
Calculate the remainder when 7375 is divided by 870.
415
What is the remainder when 13672 is divided by 190?
182
Calculate the remainder when 96335 is divided by 29.
26
Calculate the remainder when 6186 is divided by 2049.
39
What is the remainder when 1216332 is divided by 608156?
20
What is the remainder when 1080 is divided by 70?
30
What is the remainder when 23761 is divided by 713?
232
Calculate the remainder when 109395 is divided by 1855.
1805
What is the remainder when 2105 is divided by 1518?
587
Calculate the remainder when 3138 is divided by 605.
113
Calculate the remainder when 3002 is divided by 318.
140
What is the remainder when 106422 is divided by 127?
123
Calculate the remainder when 351 is divided by 40.
31
Calculate the remainder when 16798 is divided by 21.
19
Calculate the remainder when 7796 is divided by 972.
20
Calculate the remainder when 32469 is divided by 543.
432
Calculate the remainder when 59483 is divided by 344.
315
Calculate the remainder when 11117 is divided by 3683.
68
Calculate the remainder when 136525 is divided by 371.
368
Calculate the remainder when 190886 is divided by 54.
50
What is the remainder when 8283 is divided by 89?
6
What is the remainder when 2611 is divided by 1207?
197
Calculate the remainder when 132136 is divided by 132135.
1
Calculate the remainder when 2874 is divided by 198.
102
Calculate the remainder when 114025 is divided by 45.
40
What is the remainder when 260 is divided by 187?
73
Calculate the remainder when 3462 is divided by 1025.
387
What is the remainder when 5292481 is divided by 142?
141
Calculate the remainder when 641918 is divided by 160.
158
What is the remainder when 25044 is divided by 23?
20
What is the remainder when 2780 is divided by 923?
11
Calculate the remainder when 13311 is divided by 12.
3
What is the remainder when 66280 is divided by 947?
937
What is the remainder when 57216 is divided by 10?
6
What is the remainder when 246846 is divided by 769?
766
What is the remainder when 1260375 is divided by 55?
50
Calculate the remainder when 3636 is divided by 3069.
567
What is the remainder when 1185 is divided by 242?
217
Calculate the remainder when 3996 is divided by 465.
276
What is the remainder when 78247 is divided by 18?
1
Calculate the remainder when 99969 is divided by 366.
51
Calculate the remainder when 30805 is divided by 15401.
3
What is the remainder when 2161 is divided by 201?
151
Calculate the remainder when 21817 is divided by 68.
57
What is the remainder when 57777 is divided by 250?
27
Calculate the remainder when 347454 is divided by 21.
9
What is the remainder when 58821 is divided by 19607?
0
What is the remainder when 8357 is divided by 22?
19
What is the remainder when 82051 is divided by 31?
25
Calculate the remainder when 489054 is divided by 209.
203
What is the remainder when 24107 is divided by 175?
132
Calculate the remainder when 22267 is divided by 7419.
10
Calculate the remainder when 332619 is divided by 166289.
41
Calculate the remainder when 1116 is divided by 143.
115
What is the remainder when 1800324 is divided by 146?
144
What is the remainder when 9602 is divided by 76?
26
Calculate the remainder when 50883 is divided by 139.
9
Calculate the remainder when 34923 is divided by 22.
9
Calculate the remainder when 52327 is divided by 788.
319
Calculate the remainder when 121 is divided by 16.
9
Calculate the remainder when 19787 is divided by 149.
119
What is the remainder when 27846 is divided by 27?
9
Calculate the remainder when 9351 is divided by 4668.
15
What is the remainder when 75922 is divided by 10846?
0
Calculate the remainder when 36459 is divided by 138.
27
Calculate the remainder when 7773 is divided by 1213.
495
What is the remainder when 3231 is divided by 98?
95
What is the remainder when 6231 is divided by 223?
210
What is the remainder when 116068 is divided by 1469?
17
What is the remainder when 81091 is divided by 54?
37
Calculate the remainder when 941213 is divided by 1072.
1069
What is the remainder when 33807 is divided by 33798?
9
Calculate the remainder when 5894 is divided by 1949.
47
What is the remainder when 22853 is divided by 545?
508
Calculate the remainder when 10386 is divided by 11.
2
What is the remainder when 428 is divided by 100?
28
Calculate the remainder when 30094 is divided by 144.
142
What is the remainder when 122279 is divided by 1019?
1018
Calculate the remainder 